1333 a prime number?
False
Is 25959574193 a composite number?
True
Is 885952735 a prime number?
False
Is 696206669 prime?
False
Is 359002933 a composite number?
False
Is 1902199265 composite?
True
Is 41968136537 composite?
True
Is 227708650399 composite?
True
Is 28772424641 prime?
False
Is 101654659 prime?
False
Is 7245076607 a composite number?
False
Is 4179249559 a composite number?
True
Is 12265816271 a composite number?
True
Is 7209865697 prime?
False
Is 14557445233 prime?
True
Is 43235871949 a prime number?
True
Is 2778726131 a composite number?
False
Is 541646897 a composite number?
True
Is 1336116259 a prime number?
True
Is 46003249561 a composite number?
False
Is 2218308613 a composite number?
False
Is 12574808683 a composite number?
True
Is 658945418591 a prime number?
True
Is 5051755571 composite?
False
Is 2209346873 a prime number?
True
Is 10740898249 prime?
False
Is 1506292561 prime?
True
Is 246435877 a prime number?
False
Is 7160832617 a composite number?
True
Is 253707347501 a prime number?
True
Is 294667031 a composite number?
False
Is 43541335261 a composite number?
True
Is 1356871879 composite?
True
Is 198173215 a composite number?
True
Is 21528403297 composite?
False
Is 20161230319 composite?
True
Is 31491613 prime?
True
Is 202639141 a prime number?
False
Is 38518100507 prime?
False
Is 231694081 composite?
True
Is 766754033 a prime number?
True
Is 792468191 a prime number?
True
Is 2152867421 prime?
True
Is 4456126043 a prime number?
False
Is 48372223 prime?
False
Is 771457033 a composite number?
True
Is 21775790689 composite?
False
Is 17360354551 a prime number?
False
Is 9106533853 prime?
True
Is 1395943007 a composite number?
False
Is 3659220293 composite?
False
Is 59360843 a prime number?
False
Is 10947729337 a prime number?
True
Is 11680459799 composite?
True
Is 12025451 a composite number?
False
Is 45120134771 a prime number?
True
Is 4709801777 a composite number?
False
Is 32403101 prime?
True
Is 451340179 a composite number?
False
Is 10656283343 composite?
False
Is 229957311 composite?
True
Is 34388190713 prime?
True
Is 582506183 a prime number?
False
Is 164348183773 a prime number?
True
Is 21239540299 a prime number?
True
Is 86274986803 a composite number?
False
Is 4289646011 a composite number?
True
Is 3386973781 composite?
False
Is 852096103 prime?
False
Is 2808745733 a prime number?
False
Is 33752130833 a prime number?
True
Is 29183969 prime?
True
Is 264568200979 prime?
True
Is 3472487 composite?
True
Is 28217183663 a prime number?
True
Is 6451159831 prime?
False
Is 2908602797 prime?
False
Is 11264266457 prime?
True
Is 649182931 a composite number?
True
Is 3922573489 composite?
True
Is 1633310755 a composite number?
True
Is 202560023 prime?
True
Is 788358499 prime?
True
Is 1953556651 a composite number?
False
Is 67310017 a composite number?
False
Is 1536256103 composite?
False
Is 4769068189 a prime number?
True
Is 4582929709 a prime number?
True
Is 1808863723 prime?
False
Is 2234473 composite?
True
Is 23863403927 a prime number?
False
Is 7293465161 a prime number?
True
Is 21500404559 a composite number?
False
Is 15120550303 a prime number?
False
Is 2606110237 a composite number?
False
Is 857302003 composite?
True
Is 16905066943 prime?
True
Is 339014639 a composite number?
False
Is 1494276319 prime?
False
Is 49964469419 a prime number?
True
Is 233423987197 composite?
True
Is 135249089 a prime number?
True
Is 1766227007 composite?
False
Is 74334931621 a composite number?
False
Is 5124486327 prime?
False
Is 5797266659 a prime number?
False
Is 523513801 a composite number?
False
Is 92880103 composite?
True
Is 803995343 prime?
True
Is 1027885639 a prime number?
False
Is 9944916599 a composite number?
False
Is 5731870801 composite?
True
Is 4333233097 prime?
False
Is 21131327687 a prime number?
False
Is 3982976729 a composite number?
False
Is 2228223103 composite?
False
Is 1817902507 a composite number?
False
Is 19319867207 a composite number?
False
Is 12241480913 prime?
True
Is 1447677097 prime?
True
Is 7318650967 a composite number?
False
Is 8225947943 a composite number?
True
Is 5076344497 composite?
True
Is 18929550769 composite?
True
Is 85029748261 a composite number?
True
Is 927080191 composite?
False
Is 76477067 a composite number?
True
Is 3594549235 prime?
False
Is 9353470391 prime?
False
Is 15944832401 composite?
False
Is 528850969 a composite number?
True
Is 115081909 prime?
True
Is 873425879 composite?
True
Is 1134414761 prime?
True
Is 230051291 prime?
True
Is 387989677 a prime number?
False
Is 9337847353 composite?
True
Is 59509874 a composite number?
True
Is 3221541263 a prime number?
True
Is 304687 a composite number?
False
Is 2616478507 prime?
False
Is 354733237 a prime number?
False
Is 34112472133 prime?
True
Is 226777696297 prime?
False
Is 22488199451 a composite number?
True
Is 893281073 prime?
True
Is 6345425589 a composite number?
True
Is 106278912361 prime?
True
Is 59485528321 composite?
True
Is 20657551 composite?
True
Is 362620129 prime?
True
Is 1555678697 a composite number?
True
Is 209133773 a composite number?
False
Is 2794633397 a prime number?
False
Is 2441502667 a prime number?
True
Is 78525850369 prime?
True
Is 16557514399 a composite number?
False
Is 78351196493 prime?
True
Is 26005249181 a composite number?
True
Is 454941583 prime?
False
Is 352268789 a prime number?
False
Is 9429565387 composite?
True
Is 209651756033 a composite number?
False
Is 1745824931 a prime number?
False
Is 2304434401 composite?
False
Is 88747682549 prime?
True
Is 734238829 a composite number?
False
Is 552331931 composite?
False
Is 272843203 a composite number?
True
Is 797230849 composite?
False
Is 2021056319 prime?
False
Is 574767511 composite?
False
Is 5150445031 prime?
True
Is 7011193361 prime?
False
Is 293018767 composite?
False
Is 54707069171 a prime number?
False
Is 34062541 composite?
False
Is 338872031 prime?
True
Is 1019581301 a prime number?
False
Is 2129666963 composite?
False
Is 6251477791 composite?
True
Is 58985710211 a prime number?
True
Is 2995703357 prime?
True
Is 16172743393 prime?
False
Is 14327735181 a prime number?
False
Is 1911038287 a composite number?
False
Is 8705167622 a composite number?
True
Is 9970729661 composite?
False
Is 5171074093 composite?
True
Is 952564219 prime?
True
Is 10983146257 a composite number?
True
Is 31249192543 a composite number?
False
Is 16284385511 a prime number?
False
Is 349761821 a prime number?
False
Is 1249637849 prime?
True
Is 6572896807 a prime number?
False
Is 1579765591 composite?
True
Is 26740219313 a composite number?
True
Is 5754161383 composite?
False
Is 72804110867 prime?
True
Is 93199979 composite?
True
Is 2643632806 prime?
False
Is 115706617181 prime?
False
Is 3653440058 prime?
False
Is 6274294883 composite?
False
Is 4921970269 composite?
False
Is 459857707 a composite number?
False
Is 1292849503 prime?
False
Is 5901150601 composite?
False
Is 886988041 composite?
False
Is 185042025893 a prime number?
True
Is 831962317 a prime number?
False
Is 3357003407 a composite number?
False
Is 363802667 composite?
True
Is 2068270559 prime?
True
Is 1567358239 prime?
False
Is 227406203 composite?
False
Is 38011882301 prime?
True
Is 51898367 composite?
True
Is 776701489 prime?
False
Is 123738157871 composite?
False
Is 46145151469 a prime number?
False
Is 801718991 prime?
True
Is 322578379 a prime number?
False
Is 8961363589 composite?
True
Is 2115104627 a composite number?
True
Is 51388709357 prime?
True
Is 115340369 prime?
False
Is 719038127 prime?
True
Is 47820628147 composite?
True
Is 240133046189 composite?
True
Is 477064337 a composite number?
False
Is 94297837 a prime number?
False
Is 7989742781 prime?
True
Is 1381514207 a prime number?
True
Is 53745676423 a composite number?
True
Is 3049442723 prime?
True
Is 54142383193 prime?
False
Is 31464556427 a composite number?
True
Is 2278344193 prime?
True
Is 15357152749 prime?
True
Is 1228184863 prime?
True
Is 87271372217 composite?
True
Is 49057970777 a prime number?
False
Is 15587029589 prime?
True
Is 12770989753 a prime number?
False
Is 8802274933 prime?
True
Is 1573272695 a prime number?
False
Is 9369264049 prime?
False
Is 3285623363 a composite number?
True
Is 5902663334 a prime number?
False
Is 44678221997 co